uppose 51*s - 35059 - 30884 = 0. Calculate the remainder when s is divided by 81.
78
Let m be 5*((-11)/44 - (-173)/20). Let g = m + -24. Calculate the remainder when g is divided by 5.
3
Let k(j) = -3*j + 89. What is the remainder when 108 is divided by k(26)?
9
Suppose 0*d + 5*d - 685 = 0. Suppose -321 - 15 = -53*g + 724. Calculate the remainder when d is divided by g.
17
Let n(t) = 58*t**3 + t**2. Let v(c) = 2*c**2 - 5*c - 3. What is the remainder when n(1) is divided by v(-3)?
29
Let f(u) = 17*u**2 - u + 2. Let z = -96 + 131. What is the remainder when f(2) is divided by z?
33
Suppose 13*q - 11 = 12*q. Let d(k) = -k**3 - 4*k**2 + 4. Let y be d(-4). Suppose -j - y*j + 105 = 0. What is the remainder when j is divided by q?
10
Let q(w) = -w**2 + 59*w - 195. Calculate the remainder when q(45) is divided by 113.
96
Let t = 18 - -187. Calculate the remainder when t is divided by 26.
23
Let t(q) = q + 2. Let f be t(1). Suppose w - 9 = -f. Let v = 8 + -6. Calculate the remainder when w is divided by v.
0
Let f = 45 + -34. What is the remainder when f/44 - (-974)/8 is divided by 32?
26
Let o(b) = b**3 + 13*b**2 + b + 29. Calculate the remainder when 159 is divided by o(-13).
15
Let w(u) = 4*u**3 - 3*u**2 - 2*u - 1. Let d = 8 + -6. Calculate the remainder when 43 is divided by w(d).
13
Suppose -244*h = -240*h - 204. What is the remainder when 178 is divided by h?
25
Suppose 37*k - 804 = 1453. Calculate the remainder when 116 is divided by k.
55
Let t(g) = -56*g - 1. Let i be t(1). Let f = -10 + i. Let c = f - -124. What is the remainder when c is divided by 29?
28
Suppose 2*u = 3*s + 4*u, -5*u = 15. What is the remainder when 13 is divided by s?
1
Suppose 16 = c - 55. Suppose -v + c = 8. Calculate the remainder when v is divided by 24.
15
Suppose 207*c = 6132 - 957. Suppose 4*s - 180 = 2*u, s - 2*s + 4*u + 38 = 0. Calculate the remainder when s is divided by c.
21
Let l(c) be the first derivative of -19*c**2/2 - 8*c - 2. What is the remainder when l(-3) is divided by 13?
10
Let i(v) = -30*v - 322. Let j(d) = 56*d**2 - d. Calculate the remainder when j(-2) is divided by i(-12).
36
Let x(m) = 222*m. Let j be x(1). Suppose 0 = 5*h + 2*q - 374, q - j = -5*h + 155. What is the remainder when h is divided by 26?
24
What is the remainder when 515 is divided by 22/(22/8 + 33/(-44))?
9
Calculate the remainder when (-4)/((80/255)/(-8)) is divided by 7.
4
Suppose 20*x - 24*x + 2*b + 198 = 0, 0 = x - 2*b - 42. Calculate the remainder when 256 is divided by x.
48
What is the remainder when 1/10 - 2/((-40)/1378) is divided by 19?
12
Suppose 3*f - 4*f = -7. Calculate the remainder when (-2)/4*4*(-335)/10 is divided by f.
4
Let y = 2 - -3. Suppose -2*d = 4*z + 2*d - 20, y = 4*z + d. Suppose 13*r - 8*r - 65 = z. What is the remainder when r is divided by 8?
5
Suppose -2*q + 910 = 24*q. Calculate the remainder when 382 is divided by q.
32
Let g = 441 - 259. What is the remainder when g is divided by 37?
34
Let g(f) be the third derivative of f**4/24 + f**3/3 - 6*f**2. Calculate the remainder when 5 is divided by g(3).
0
Suppose -1637 = -18*r - 413. Calculate the remainder when r is divided by 12.
8
Let q(a) = a**2 - 5*a + 4. Let v be q(4). Let u = 239 + -203. Suppose v = i - u - 5. What is the remainder when i is divided by 11?
8
Let q(s) = -14*s**3 + 4*s + 2. Let c(v) = v**3 - v. Let w(z) = -5*c(z) - q(z). Calculate the remainder when 12 is divided by w(1).
4
Let d be (-2)/7 - (-38)/(-14). Let p be 31*-3 + -54 + 60. What is the remainder when 24 is divided by 2/d - p/9?
6
Suppose 3*v = 7*v - d - 13, -v + 22 = -4*d. Suppose 13 = z + v*l + 3*l, -149 = -5*z - 4*l. Calculate the remainder when z is divided by 17.
16
Suppose 8*g - 38*g + 3660 = 0. What is the remainder when g is divided by 47?
28
Let a = -20 - -101. What is the remainder when a is divided by 21?
18
Let g(x) = -282*x**2 + 3*x + 2. Let l be g(-2). Let b = 199 - 182. What is the remainder when 2/(-12) + l/(-24) is divided by b?
13
Let d = -5 + -21. Let i = d + 43. Calculate the remainder when 101 - (-4 + 0 - -6) is divided by i.
14
Let o be 0 + (3 - -19) - 0. Suppose 3*s + 5 - 139 = -5*m, m = s + o. Let a = -66 + 113. Calculate the remainder when a is divided by m.
22
Suppose 32 = -n + 5. Let c = -19 - n. Suppose -u + 0 = -c. Calculate the remainder when 29 is divided by u.
5
Suppose 2*d = -5*c + 16, -3 = -2*c + 4*d - 11. What is the remainder when ((c - -1) + -4)*(-5 + 3) is divided by 1?
0
Let q = -1 - -5. Suppose 0 = -3*x - x + q. What is the remainder when 5 is divided by (2 - (-2 + x)) + 0?
2
Let r(j) be the first derivative of j - 9 + 1/2*j**2 + j**3. What is the remainder when r(-3) is divided by 14?
11
Suppose -7672 = -4*z - 3*z. Let x = z - 2218. What is the remainder when x/(-24) - 1/(-4) is divided by 10?
7
Suppose 95 = -2*g - 57. Let x = -45 - g. Calculate the remainder when 59 is divided by x.
28
Suppose 0 = -11*n - 96 + 1394. What is the remainder when n is divided by 60?
58
Let j(b) = -3 + 2 + 3*b + 4*b. Calculate the remainder when 16/44 + 1114/22 is divided by j(2).
12
Let d be (-4)/22 + 502/(-22). Let w = d + 35. Calculate the remainder when 47 is divided by w.
11
Let x = 15 + -1. Suppose -5*h + 0*h = -5*t + 20, -3*h = -4*t + 16. Suppose -462 + 186 = -t*n. What is the remainder when n is divided by x?
13
Let z = 16 - 13. Suppose 8*r - z*r - 355 = 0. Suppose 2*i - 3*i - r = -4*n, 2*n - 31 = -i. What is the remainder when 49 is divided by n?
15
Let d(z) = z**2 + 2*z + 3. Let h be d(-3). Suppose 4*b + 3 = c + 1, 2*c + h = -2*b. What is the remainder when c*1/6*-93 is divided by 11?
9
Suppose -273 = 2*y - 1539. Calculate the remainder when y is divided by 12.
9
Let x(m) = -m + 3. Calculate the remainder when (3 + 4/(-3))*3 is divided by x(0).
2
Let b be (-2)/4*(0 + -18). Suppose b*k = 6*k - 78. Let p = 36 + k. Calculate the remainder when 37 is divided by p.
7
Let m = 52 - 29. Let d = -182 + 229. Let t = d - 33. What is the remainder when m is divided by t?
9
Suppose -3*l + 485 - 54 = 5*q, -5*l = 2*q - 693. Let o = l + -94. Let n(d) = d + 3. What is the remainder when o is divided by n(8)?
10
Let x = 59 + -59. Suppose -b = -7 - x. Calculate the remainder when 26 is divided by b.
5
Let h = 49 - 31. Suppose 5*m + 3*q - 8*q - 70 = 0, 3*m - 46 = 4*q. What is the remainder when h is divided by m?
8
Suppose j = -2*u - 10 + 38, -4*u + 2*j + 64 = 0. Suppose 0 = -5*n - 13 + 138. What is the remainder when (-18)/u*-20*2 is divided by n?
23
Let g = 347 + -344. Calculate the remainder when 4/(-14) - (-172)/14 is divided by g.
0
Suppose 18*v + 112 = 32*v. Suppose c + 3*x = -2*c, x - 5 = -2*c. Suppose -c*i + 12 = -13. Calculate the remainder when v is divided by i.
3
Suppose -7*y = -6*y + 3, 3*y = 5*f - 2269. What is the remainder when f is divided by 19?
15
What is the remainder when 56 is divided by (4/(-8))/((-3)/90)?
11
Suppose -31*a - 278 = -1797. What is the remainder when 172 is divided by a?
25
Suppose 4*v - 3*k = -1 - 15, -2*v = -4*k + 8. What is the remainder when (-2 + (-8)/v)/(-2) + 62 is divided by 13?
10
Let j = -178 - -492. What is the remainder when j is divided by 103?
5
Suppose -3*z - 9 = -39. Let n be ((-2)/(-7) - (-820)/70) + -4. Suppose 4*c - 137 = -5*i, -17 = -5*i + n. Calculate the remainder when c is divided by z.
8
Let c(t) = -t**2 - 126*t + 15. What is the remainder when ((-88)/6)/(2/(-12)) is divided by c(-126)?
13
Let s(g) = -g**3 - 12*g**2 - 3*g + 77. What is the remainder when s(0) is divided by 37?
3
Let y be 0 + 145 + (0 - 2). Suppose y = 3*h + t, -h - 2*t + 45 = -3*t. Let g = 38 - 28. What is the remainder when h is divided by g?
7
Let i(z) = -z**3 - z**2 - 9*z - 12. Calculate the remainder when 369 is divided by i(-2).
9
Let g = -96 - -114. Let y(x) = -2 + 3 + 3 + 8*x**2 - 1 + 2*x. Calculate the remainder when y(-3) is divided by g.
15
Let p = 2 + 50. Suppose 0 = -81*o + 97*o - 144. Calculate the remainder when p is divided by o.
7
Let j(d) = -d**3 + 20*d**2 + d - 7. Let p(v) = 2*v**2 - v - 4. Calculate the remainder when p(-5) is divided by j(20).
12
Let k = 87 - 42. Let z = -3012 - -3029. Calculate the remainder when k is divided by z.
11
Let u = 201 - 139. Suppose -2*l = 3*q - u, -4*l + 113 = 4*q - 7. Let s = l - 17. Calculate the remainder when s is divided by 7.
4
